n divisor of 103380 and 54?
6
Calculate the greatest common factor of 27471 and 1.
1
What is the greatest common divisor of 187824 and 11868?
516
Calculate the greatest common factor of 3210 and 18225.
15
Calculate the highest common factor of 48 and 10304.
16
What is the greatest common factor of 2256 and 48324?
12
Calculate the highest common factor of 66254 and 2826.
314
Calculate the greatest common divisor of 492 and 1165917.
123
What is the highest common factor of 248 and 447268?
124
Calculate the greatest common divisor of 296 and 3176.
8
What is the greatest common divisor of 11913 and 2679?
57
What is the highest common divisor of 1751 and 47651?
17
Calculate the greatest common factor of 185465 and 21.
7
Calculate the greatest common divisor of 264 and 1188.
132
Calculate the greatest common divisor of 145 and 21890.
5
What is the greatest common divisor of 152968 and 8?
8
Calculate the greatest common factor of 332585 and 220.
55
Calculate the highest common factor of 9275 and 122675.
175
What is the greatest common factor of 411858 and 1044?
522
What is the greatest common factor of 13657 and 4529?
7
Calculate the highest common divisor of 900 and 252.
36
Calculate the highest common factor of 4576792 and 66.
22
Calculate the greatest common factor of 180 and 41220.
180
Calculate the highest common divisor of 229525 and 25.
25
What is the highest common divisor of 9774 and 12690?
54
What is the greatest common factor of 27528 and 96?
24
What is the greatest common factor of 21204 and 69768?
684
What is the greatest common divisor of 307510 and 9982?
322
Calculate the greatest common factor of 1292529 and 14.
7
Calculate the greatest common factor of 30 and 174378.
6
Calculate the greatest common divisor of 198 and 9130.
22
Calculate the greatest common factor of 31344 and 84.
12
What is the greatest common factor of 45149 and 299?
299
Calculate the greatest common factor of 13836 and 30.
6
What is the highest common factor of 2307883 and 428?
107
What is the greatest common factor of 117 and 92160?
9
Calculate the highest common factor of 55 and 20207.
11
Calculate the greatest common divisor of 418574 and 16796.
442
Calculate the highest common divisor of 3066390 and 20.
10
What is the greatest common factor of 286 and 19487?
13
Calculate the highest common factor of 269100 and 54.
18
What is the highest common divisor of 780 and 1128?
12
What is the highest common factor of 2700 and 335?
5
Calculate the highest common divisor of 216 and 832248.
216
Calculate the highest common factor of 49 and 134372.
7
What is the greatest common factor of 28147936 and 16?
16
What is the highest common divisor of 84 and 3908156?
28
Calculate the highest common divisor of 242527 and 145.
29
What is the greatest common factor of 37018 and 7582?
446
What is the greatest common factor of 66176 and 10912?
352
What is the highest common divisor of 11538 and 204?
6
Calculate the highest common factor of 384 and 139136.
128
Calculate the greatest common factor of 2187 and 81729.
81
Calculate the highest common divisor of 412971 and 195.
39
Calculate the highest common divisor of 70 and 12962390.
70
What is the greatest common divisor of 2990 and 55614?
598
What is the greatest common divisor of 1639 and 46041?
149
Calculate the greatest common factor of 1742088 and 2320.
232
What is the greatest common factor of 929192 and 88?
88
What is the highest common factor of 70 and 32110?
10
Calculate the highest common factor of 1092765 and 75.
15
What is the highest common divisor of 111457 and 2946?
491
What is the highest common factor of 239485 and 20?
5
Calculate the highest common divisor of 176 and 26032.
16
Calculate the greatest common factor of 60 and 1802780.
20
Calculate the greatest common divisor of 89 and 31417.
89
Calculate the greatest common divisor of 1904 and 2618.
238
What is the highest common factor of 10500742 and 322?
322
What is the greatest common factor of 4319 and 7749?
7
What is the highest common factor of 2500319 and 421?
421
What is the highest common factor of 19824 and 276297?
1239
Calculate the greatest common factor of 20 and 8899260.
20
Calculate the greatest common divisor of 25630 and 50.
10
Calculate the highest common divisor of 25 and 8747450.
25
Calculate the highest common factor of 218 and 160.
2
What is the greatest common divisor of 18 and 42054?
6
Calculate the highest common divisor of 26750 and 2480.
10
Calculate the greatest common factor of 242828 and 272.
68
What is the highest common factor of 68454 and 585?
9
What is the highest common factor of 20538 and 1638?
126
What is the highest common divisor of 161 and 1318751?
161
What is the greatest common divisor of 693 and 501963?
231
Calculate the highest common factor of 11730 and 7021578.
2346
Calculate the greatest common divisor of 180 and 15030.
90
Calculate the highest common factor of 261924 and 138.
138
What is the greatest common factor of 3528 and 2597?
49
What is the greatest common factor of 104692 and 140?
28
Calculate the greatest common factor of 13284 and 1458.
162
Calculate the highest common divisor of 13579 and 333.
37
What is the highest common factor of 1414258 and 316?
158
What is the greatest common factor of 67711 and 1071?
119
What is the highest common divisor of 241 and 846151?
241
Calculate the greatest common factor of 10384 and 2288.
176
What is the greatest common factor of 374 and 5440?
34
What is the highest common divisor of 125 and 1423375?
125
Calculate the highest common divisor of 620 and 12840.
20
What is the highest common divisor of 3834 and 132813?
27
Calculate the greatest common factor of 245 and 122395.
35
What is the greatest common factor of 16050 and 1650?
150
What is the highest common factor of 2072 and 430416?
56
Calculate the highest common divisor of 6878 and 50318.
362
Calculate the greatest common factor of 20 and 361510.
10
Calculate the greatest common factor of 610486 and 2.
2
What is the greatest common divisor of 11115 and 10803?
39
What is the highest common factor of 226814 and 833?
119
Calculate the greatest common factor of 1847296 and 41.
41
Calculate the greatest common divisor of 76 and 4183287.
19
What is the highest common factor of 8982 and 180638?
998
What is the greatest common factor of 336 and 13808?
16
Calculate the highest common factor of 13294 and 17.
17
What is the greatest common divisor of 89562 and 708?
354
What is the greatest common divisor of 48 and 474448?
16
Calculate the highest common factor of 1728 and 156.
12
Calculate the highest common factor of 22826 and 7232.
226
What is the greatest common factor of 40390 and 1680?
70
Calculate the highest common factor of 1262340 and 72.
36
What is the greatest common factor of 1506 and 1174?
2
What is the greatest common divisor of 1470 and 50?
10
What is the highest common divisor of 387 and 64887?
129
Calculate the highest common divisor of 98 and 27902.
14
Calculate the highest common factor of 31330 and 260.
130
Calculate the highest common divisor of 23850 and 1050.
150
What is the highest common factor of 60678 and 738?
18
Calculate the highest common factor of 38135 and 9280.
145
What is the highest common factor of 97672 and 464?
232
Calculate the highest common factor of 30464 and 6496.
224
What is the greatest common divisor of 126 and 151182?
18
Calculate the greatest common divisor of 9524 and 44.
4
What is the greatest common divisor of 16 and 2354608?
16
Calculate the highest common divisor of 38913 and 595.
119
Calculate the greatest common divisor of 7377 and 9.
3
Calculate the greatest common factor of 4328 and 256.
8
What is the greatest common factor of 1521 and 45799?
169
Calculate the highest common factor of 968 and 112.
8
Calculate the highest common factor of 36134 and 580.
58
Calculate the greatest common factor of 22082 and 115840.
362
Calculate the greatest common factor of 502 and 206573.
251
What is the greatest common factor of 69921 and 45?
9
What is the highest common divisor of 52 and 416?
52
What is the greatest common factor of 60 and 8720?
20
Calculate the highest common factor of 20072 and 104.
104
Calculate the highest common factor of 480 and 452560.
80
What is the highest common divis